 325*g + 3479. What is q(151)?
6
Let u(d) = 2*d**2 - 155*d + 207. Determine u(76).
-21
Let x(g) = -1091*g - 13071. Give x(-12).
21
Let l(f) = -124*f**2 + 747*f - 3. Determine l(6).
15
Let j(k) = 115*k + 14697. Give j(-128).
-23
Let c(x) = 8*x**2 - 6*x + 12. Calculate c(4).
116
Let a(h) = -478*h - 1436. Determine a(-3).
-2
Let u(a) = -2*a**3 + 6*a**2 - 33*a - 145. What is u(-4)?
211
Let a(s) = 1931*s + 13494. Give a(-7).
-23
Let u(t) = t**3 - 55*t**2 + 608*t - 6. Determine u(39).
-630
Let y(g) = -g**2 + 1169*g + 5867. Calculate y(-5).
-3
Let p(r) = 17*r**2 - 5*r. What is p(-1)?
22
Let r(m) = 34*m - 122. What is r(14)?
354
Let k(d) = -d**3 + 53*d**2 - 431*d + 30. Determine k(43).
-13
Let b(i) = -2991*i + 56842. What is b(19)?
13
Let c(n) = -5*n**2 - 18. Give c(0).
-18
Let o(x) = 167*x + 1695. Determine o(-12).
-309
Let n(z) = 5134*z + 61599. Give n(-12).
-9
Let d(g) = g**3 - 9*g**2 + 20*g - 86. Calculate d(6).
-74
Let r(n) = -n**2 - 99*n - 1665. Give r(-80).
-145
Let w(z) = -94*z - 1667. Give w(-17).
-69
Let o(g) = -572*g - 76080. Determine o(-133).
-4
Let a(y) = y**2 - 74*y + 718. What is a(62)?
-26
Let i(a) = -a**3 + 110*a**2 - 620*a - 378. Calculate i(104).
38
Let v(s) = -4*s**2 - 249*s - 191. Determine v(-61).
114
Let f(q) = q**3 - 21*q**2 + 43*q + 12. What is f(18)?
-186
Let w(o) = -610*o - 5522. What is w(-9)?
-32
Let v(t) = t**3 - 43*t + 97. What is v(4)?
-11
Let h(f) = -13*f - 155. Give h(-12).
1
Let x(o) = o**3 - 34*o**2 + 41*o - 251. What is x(33)?
13
Let o(v) = -88*v**2 - 10736*v + 2. What is o(-122)?
2
Let l(c) = -31*c - 12. Determine l(-3).
81
Let p(y) = -10*y**3 + 71*y**2 - 68*y + 8. Calculate p(6).
-4
Let k(m) = -25*m + 131. What is k(6)?
-19
Let x(j) = j**2 + 2*j + 84. Determine x(0).
84
Let s(o) = -9*o + 94. Determine s(11).
-5
Let u(q) = -1459*q - 23410. Calculate u(-16).
-66
Let b(t) = t**3 + 21*t**2 - 30*t - 74. What is b(-22)?
102
Let s(p) = 28*p**2 - 41*p - 14. What is s(2)?
16
Let w(c) = -184*c + 1067. Calculate w(6).
-37
Let i(x) = -72*x + 1156. Determine i(15).
76
Let w(p) = -4*p**3 - 3*p**2 + 27*p - 69. Give w(3).
-123
Let f(z) = -212*z - 1276. Determine f(-6).
-4
Let x(z) = -4*z**2 - 77*z - 234. Determine x(-16).
-26
Let n(z) = 29*z**2 + 47*z - 33. Determine n(1).
43
Let n(f) = 3599*f - 28782. Give n(8).
10
Let j(u) = -6*u**2 - 488*u - 205. Give j(-81).
-43
Let l(j) = j**3 - 19*j**2 - 37*j - 16. What is l(21)?
89
Let p(f) = -14*f + 84. Calculate p(-7).
182
Let w(c) = -197*c - 4537. Determine w(-22).
-203
Let f(z) = 44*z - 782. Determine f(13).
-210
Let f(o) = -200*o + 3991. Calculate f(20).
-9
Let d(x) = x**3 + 3*x**2 - 11*x - 7. What is d(-7)?
-126
Let t(w) = -49*w + 169. Determine t(3).
22
Let s(v) = 33*v**2 + 398*v + 53. Determine s(-12).
29
Let f(b) = -b**3 + 12*b**2 - 12*b - 2. Calculate f(10).
78
Let f(v) = -20*v + 273. What is f(9)?
93
Let t(z) = 2*z**2 - 241*z + 4175. What is t(21)?
-4
Let g(x) = -2*x**2 - 86*x - 516. Give g(-10).
144
Let k(n) = n**3 - 20*n**2 - 46*n + 42. Determine k(22).
-2
Let d(o) = -2*o**3 - 13*o**2 - o + 39. What is d(-6)?
9
Let v(s) = -634*s**2 + 14*s + 7. Determine v(0).
7
Let h(r) = -20*r**2 - 118*r - 22. What is h(-6)?
-34
Let q(o) = 2934*o - 164310. Determine q(56).
-6
Let b(d) = -4*d**3 - 37*d**2 - 83*d - 664. Calculate b(-9).
2
Let j(t) = -80*t - 3710. Calculate j(-46).
-30
Let k(h) = -h**3 - 7*h**2 - 13*h - 15. Determine k(-6).
27
Let n(f) = 44*f - 126. Give n(6).
138
Let l(y) = 169*y - 898. What is l(5)?
-53
Let z(y) = -7*y**2 + 38*y - 95. What is z(8)?
-239
Let k(y) = 3*y**3 + 88*y**2 + 30*y - 78. What is k(-29)?
-107
Let w(t) = 22*t + 3302. Calculate w(-150).
2
Let m(l) = 2*l**2 + 30*l + 39. What is m(-13)?
-13
Let c(j) = 2*j**2 + 57*j + 125. Calculate c(-27).
44
Let d(l) = -32*l**2 + 263*l + 261. Determine d(-1).
-34
Let n(v) = 2*v**2 - 5579*v + 181936. What is n(33)?
7
Let b(a) = -4625*a - 32373. Give b(-7).
2
Let p(z) = -28*z**2 - 203*z + 2106. Determine p(-13).
13
Let r(d) = -37*d - 653. Determine r(-18).
13
Let f(o) = -1389*o + 2776. What is f(2)?
-2
Let u(s) = -s**3 + 19*s**2 + 7*s - 74. Give u(20).
-334
Let b(k) = k**2 + 29*k + 175. Give b(-15).
-35
Let a(u) = 27*u**2 - 320*u + 916. Calculate a(7).
-1
Let y(p) = 79*p - 5132. Determine y(63).
-155
Let a(d) = -d**2 + 59. Determine a(4).
43
Let t(o) = 3956*o - 39562. Calculate t(10).
-2
Let o(v) = 2*v - 16. What is o(19)?
22
Let w(x) = x**3 + 8*x**2 - 25*x - 42. Calculate w(-10).
8
Let v(o) = o**2 - 14*o + 60. Give v(-18).
636
Let i(d) = d**3 - 10*d**2 + 13*d - 13. Give i(8).
-37
Let c(y) = 9*y**2 + 10*y + 9. Determine c(8).
665
Let c(u) = 2*u**3 + 13*u**2 + 5*u + 3. What is c(-6)?
9
Let g(f) = -51*f + 321. Calculate g(6).
15
Let t(s) = -s**3 + 2*s**2 - 1255*s + 3782. Give t(3).
8
Let v(n) = -2*n**2 - 6*n + 9. Give v(6).
-99
Let v(l) = -3*l**2 - 90*l + 18. Give v(-32).
-174
Let d(b) = 2*b**3 - 90*b**2 - 8*b + 355. Calculate d(45).
-5
Let f(h) = 16*h**3 - 2*h**2 - 5*h + 11. Determine f(2).
121
Let r(y) = 3*y**2 + 947*y + 1881. What is r(-2)?
-1
Let j(a) = 11*a**3 - 65*a - 180. Give j(-3).
-282
Let c(l) = -200*l + 26976. Give c(135).
-24
Let r(o) = -o**3 + 97*o**2 + 281*o + 1901. What is r(100)?
1
Let g(l) = l**3 - 6*l**2 + l - 286. What is g(0)?
-286
Let j(z) = z**2 - 44*z - 393. What is j(-8)?
23
Let u(w) = -3*w**2 - 73*w - 374. Determine u(-16).
26
Let h(z) = -3*z**3 + z**2 - 12*z - 1. What is h(-3)?
125
Let g(h) = -2331*h - 97914. Give g(-42).
-12
Let l(v) = -v**3 + 23*v**2 - 43*v - 64. Calculate l(21).
-85
Let d(t) = -t**2 + 181*t + 918. Give d(-5).
-12
Let h(l) = -7039*l - 260439. Give h(-37).
4
Let q(t) = 124*t - 1041. Determine q(10).
199
Let j(d) = -23*d**2 - 583*d - 190. What is j(-25)?
10
Let z(l) = 10*l + 623. Determine z(-60).
23
Let k(m) = 28*m**2 + 2*m - 6. Give k(-1).
20
Let t(f) = 4*f**3 + 20*f**2 + 10*f + 9. Give t(-1).
15
Let j(a) = -3*a**2 - 75*a - 62. Determine j(-24).
10
Let u(c) = -11*c**2 - 438*c + 566. What is u(-41)?
33
Let y(o) = -2*o**2 + 79*o - 52. Determine y(39).
-13
Let m(w) = 2*w**2 - 68*w + 470. Determine m(25).
20
Let j(z) = -z**2 - 42*z - 233. What is j(-34)?
39
Let d(k) = -k**2 + 453*k + 3244. What is d(-7)?
24
Let g(z) = 33*z - 338. What is g(9)?
-41
Let w(m) = -9*m**2 - 747*m - 7123. Calculate w(-11).
5
Let q(o) = -358*o - 2114. Give q(-6).
34
Let w(x) = -2*x**3 - 12*x**2 + 47. Give w(-5).
-3
Let l(r) = -5*r + 53. Determine l(18).
-37
Let d(o) = -o**3 - 11*o**2 + 18*o + 49. Give d(-12).
-23
Let l(j) = -j**3 + 67*j**2 - 573*j + 36. What is l(10)?
6
Let w(c) = 4*c**3 + 267*c**2 + 199*c + 69. What is w(-66)?
3
Let l(m) = -99*m - 633. Determine l(-6).
-39
Let p(u) = u**3 - 52*u**2 - 141*u + 67. Give p(-3).
-5
Let q(t) = -158*t**3 + t**2 + 180*t + 179. Calculate q(-1).
158
Let l(c) = -7041*c - 105612. Give l(-15).
3
Let q(r) = -15*r + 378. What is q(27)?
-27
Let r(f) = -f**3 - 45*f**2 + 1388*f - 44. Give r(21).
-2
Let w(z) = -127*z - 89. What is w(-2)?
165
Let g(v) = 254*v - 5343. What is g(21)?
-9
Let p(u) = u**3 + 82*u**2 + 87*u + 462. What is p(-81)?
-24
Let r(w) = 4*w**2 + 2*w - 47. What is r(5)?
63
Let f(m) = m**3 - 42*m**2 + 17*m - 752. Determine f(42).
-38
Let r(l) = -l**3 + 36*l**2 - 274*l + 3696. Give r(31).
7
Let l(x) = -4*x**3 - 18*x**2 + 2*x - 13. What is l(-6)?
191
Let z(c) = 34*c - 885. Calculate z(26).
-1
Let h(y) = -298*y - 8066. What is h(-27)?
-20
Let v(p) = -34*p**2 + 1354*p + 234. Determine v(40).
-6
Let w(l) = -1573*l + 6209. Give w(4).
-83
Let w(b) = 9*b**3 + 158*b**2 + 82*b - 54. Determine w(-17).
-3
Let l(j) = 2*j**3 + 42*j**2 + 129*j + 1788. Calculate l(-20).
8
Let o(p) = p**3 + 7*p**2 + 16*p + 122. Give o(-7).
10
Let f(k) = -k**3 - 178*k**2 - 1521*k + 6. Give f(-169).
6
Let q(t) = -t**3 + 6*t**2 - 75*t + 577. Give q(7).
3
Let b(g) = -g**3 + 9*g**2 - 25*g + 138. Give b(8).
2
Let y(d) = 40*d + 183. Calculate y(-6).
-57
Let j(g) = g**3 - 21*g**2 + 99*g - 30. Calculate j(14).
-16
Let r(s) = 59*s + 1949. Give r(-33).
2
Let b(u) = -53*u**2 + 583*u - 2. Calculate b(11).
-2
Let t(s) = 4*s**3 + s**2 - 3*s. Give t(-2).
-22
Let s(u) = u**2 - 884*u + 7019. Calculate s(8).
11
Let t(j) = 5*j + 176. Calculate t(-20).
76
Let z(k) = -6*k**3 + 174*k**2 - 7*k + 214. What is z(29)?
11
Let l(m) = 2*m**3 + 24*m**2 + 31*m + 57. Calculate l(-11).
-42
Let k(j) = -13*j**2 + 6*j + 162. De